se
Suppose 4*b - 4*p = -4, 0 = -2*b - 2*b - p - 14. Is -1 + b/3 - -13 a prime number?
True
Suppose -5*k = 3*q + 2 - 27, -5*k = 2*q - 20. Is (-2 - -1)/(k/(-62)) a prime number?
True
Suppose -3*i - 40 = -4*m - 0*m, -2*i = m - 10. Suppose -s = m + 26. Let l = 89 + s. Is l composite?
False
Is (-300)/(-9) - 6/18 a composite number?
True
Let i = 29 - 19. Is i composite?
True
Suppose -4346 = -4*a - a - i, 4*a - 3*i = 3473. Is a a prime number?
False
Suppose -f = -5*h + 57, -3*h + 4*f + 27 = f. Is 125/4 - 3/h a composite number?
False
Suppose 4*a - 443 = 729. Is a composite?
False
Suppose -52 = 6*p - 40. Let y(g) = -12*g**3 - 8*g**2 + g + 5. Let n(c) = -c**3 - c**2 + 1. Let m(s) = -6*n(s) + y(s). Is m(p) a prime number?
True
Suppose -14*k - 9741 = -17*k. Is k composite?
True
Suppose -1449 = -4*g + 219. Is g composite?
True
Let w = 1782 - 1195. Is w a prime number?
True
Let s = 34 + -22. Let b be (-18)/1*(-4)/s. Is 879/b*-1*-2 a prime number?
True
Let w(o) = 886*o + 1. Is w(1) a composite number?
False
Suppose r = 3*r + 14. Let z(q) be the second derivative of -q**3/6 + 4*q**2 - q. Is z(r) composite?
True
Let h(p) = -p**3 + p**2 - 1. Is h(-4) prime?
True
Is (1165/(-1 - -2) - -3) + -1 composite?
True
Let o(f) be the first derivative of 10*f**3/3 - f + 13. Let s(m) = -3*m - 3. Let g be s(-2). Is o(g) a composite number?
False
Is 4/1*885/20 prime?
False
Suppose 0*c + 2*c = 4. Let r = 3 - -1. Suppose -r*y = 4*x - x - 90, -4*y = -c*x - 80. Is y prime?
False
Suppose 0*i - i + 87 = 0. Suppose z = 3*l + i, 57 = -2*l - z + 2*z. Let m = 5 - l. Is m a composite number?
True
Let x = -21 - -23. Suppose x*v = 2*q - v - 361, 2*q + 3*v = 355. Is q a composite number?
False
Suppose 15 = -3*d + 792. Is d a composite number?
True
Let v be 975/2*4/5. Suppose 0*o - v = -o + 3*d, 0 = -4*d + 4. Is o a composite number?
True
Let j be (-4)/(-6)*18/(-12). Is 84 + (-4 - (-2 + j)) a composite number?
False
Let v(j) = 3 + 1 - 5*j + 2 + 19*j**2 + 1. Let d be v(5). Suppose -5*y + 318 + d = 0. Is y a prime number?
False
Let q(p) = 4*p**2 - 7*p**3 - 3*p**2 + 4 + 2*p**3 + 4*p. Let a be q(-3). Suppose 3*c = 5*m + 19 - a, 3*m = -3*c + 51. Is m a prime number?
False
Let l(b) be the first derivative of -3/2*b**2 - 5/3*b**3 + 3 + 4*b - 1/4*b**4. Is l(-5) a composite number?
False
Suppose 5*u - 219 - 151 = 0. Is u prime?
False
Let i(c) = 11*c - 15. Is i(10) a prime number?
False
Let k = -305 + 570. Is k prime?
False
Suppose -2*j = -115 - 1. Is j prime?
False
Suppose -5*l - 11 = 4*o, -2*o + 0*l + 4*l = -14. Let a be (142/4)/(o/2). Let s = 124 - a. Is s a composite number?
False
Suppose 775 = 3*o - 2*i, -2*o - o - 5*i + 782 = 0. Is o composite?
True
Let y(b) = 31*b**2 - b + 1. Let o(t) = -2*t - 1. Let k be o(-2). Suppose -z - 8 = -5*n, -2*z - k = 5*n - 2. Is y(n) composite?
False
Let o(s) = 43*s + 8. Let q = 7 - 2. Is o(q) composite?
False
Let l(w) = 3*w**3 - 16*w**2 - 3*w - 17. Let g(j) = -2*j**3 + 11*j**2 + 2*j + 11. Let s(h) = 8*g(h) + 5*l(h). Is s(8) a prime number?
True
Let k = -500 + 733. Is k a composite number?
False
Let m = -9 - -13. Suppose 125 = -m*v + 613. Is v prime?
False
Suppose 5*o = 5*c - 1925, 361 = c + 4*o + o. Is c a composite number?
True
Suppose r - 5*x = -6, 2*r + 5*x = 2*x + 14. Let f(a) = -6 + 5 + 9*a + 12*a. Is f(r) composite?
False
Suppose v = -4*f - f + 419, 5*v - 2095 = 4*f. Is v a composite number?
False
Let q be 1600/12*(-36)/(-10). Suppose 3*w - 7*w = -c + 75, 0 = 5*c + w - q. Is c prime?
False
Let g(k) = 2*k - 550. Let a be g(0). Let c = a + 999. Is c composite?
False
Let x = -101 + 42. Let y = -40 - x. Is y composite?
False
Let q(m) = 58*m**3 + 2*m**2 - m + 1. Is q(2) a composite number?
True
Suppose 0 = 2*p - 3*p + 39. Is p a composite number?
True
Let m(t) = 4*t**2 - 5. Is m(-7) prime?
True
Is ((-15)/(-18))/5 - (-26921)/6 a prime number?
False
Let w(r) = -r**2 - 15*r + 11. Let j be -3*((-8)/(-6) - 0). Let p(k) = 2*k - 5. Let z be p(j). Is w(z) prime?
True
Let m(c) = c**2 - 1. Let p(y) = 4*y**2 + 4*y + 1. Let t(v) = 2*m(v) + p(v). Is t(-6) composite?
False
Let t(g) = -2*g - 10. Let s be t(12). Let b = s + 99. Is b a prime number?
False
Suppose 5*n = -2*k - 884, -439 = -3*k + 4*k + 4*n. Is ((-4)/6)/(2/k) a prime number?
True
Let n(b) = -b**2 + 4*b - 1. Let h be n(3). Let t(s) = 21*s**2 + s**h + 3*s - 6*s + 2*s. Is t(-1) a prime number?
True
Let m = 18 - 30. Let c = -17 - m. Is 170/(-4)*6/c a composite number?
True
Suppose -3*j + 48 + 6 = 0. Suppose -3*s - 5 = -a + 5, -a - j = 4*s. Is (-2 - a)/2 - -23 a composite number?
False
Let s be 6*(-33)/(-2) + -1. Suppose 2*w = -5*z - s + 250, -155 = -5*z - 5*w. Suppose z = 4*f + f. Is f composite?
True
Suppose -124 = -3*a + 35. Is a a prime number?
True
Suppose 0 = -4*v + 5*b + 6757, 0 = -3*v - 2*b - b + 5088. Is v composite?
False
Let i(n) = -4*n + 1 - 3*n + n - 10. Is i(-8) prime?
False
Is (1422 - 2) + -6 + 9 prime?
True
Suppose 353 = z - 0*z. Is z composite?
False
Let g(k) = -2*k - 6. Let m be g(-9). Suppose 43 - 6 = 5*d - 3*w, -m = 3*w. Suppose -h + 162 = -2*y + 5*y, 0 = d*y + h - 272. Is y prime?
False
Suppose o + 33 + 9 = 0. Let y = -19 - o. Is y a prime number?
True
Suppose 2*s = 3*r - 15, -2*s = -4*s - r - 27. Let f be (5/2)/((-1)/s). Is 0 + 0 + f + 3 a prime number?
False
Let p(o) = o**2 + 8*o + 5. Let n be p(-7). Let x = 4 + n. Suppose x*c - 4*c = -74. Is c a prime number?
True
Suppose -x = 4*x - 325. Let l = 102 - x. Is l a composite number?
False
Let s = -19 - -56. Is s composite?
False
Let t(o) be the second derivative of 1/20*o**5 + 0*o**4 + 15/2*o**2 - 1/6*o**3 - o + 0. Is t(0) a prime number?
False
Let m = -599 - -1306. Is m a prime number?
False
Let x = -238 + 929. Is x a prime number?
True
Let s = 7 - 5. Suppose -2*v + 2*n - 6*n - 20 = 0, -3*v = -3*n - 6. Let u = s - v. Is u prime?
False
Let a(o) = -7 + 9*o**2 + 3*o**3 + 0*o - 3*o**3 + o**3 + 8*o. Is a(-7) a composite number?
True
Is ((-410)/6)/(8/(-24)) a prime number?
False
Let m(y) be the second derivative of y**4/12 - 4*y**3/3 + 11*y**2/2 - 2*y. Is m(-10) a prime number?
True
Let z(b) = 3*b + 10. Let a(p) = -p**2 - p - 1. Suppose -3*w + r = -0*r + 1, -5*w = -5*r - 5. Let m(f) = w*z(f) - 5*a(f). Is m(-4) a prime number?
True
Let b = -3 + 7. Let u = -55 + 263. Suppose -4*f - 4*c + u = -0*c, -b*c - 233 = -5*f. Is f composite?
True
Suppose -2*i + 340 = 3*c - i, 0 = -5*c - 2*i + 567. Is c a prime number?
True
Suppose -2*q + 5 = -5, 2687 = 4*w - q. Is w a prime number?
True
Let r(b) = 5*b**2 + 4*b - 5. Let m = 17 - 8. Let g = 5 - m. Is r(g) prime?
True
Let w = -97 + 157. Let i(u) = 2*u**2 + 7*u - 3. Let j be i(4). Suppose 2*z - 2*k - w = 0, -2*z - 4*k + j = -33. Is z a composite number?
True
Let d(a) = -2*a**3 + 9*a + 10. Is d(-7) a prime number?
False
Let d(g) = 25*g**2 + 4*g + 1. Is d(8) prime?
False
Suppose -2*n = -q - 3, 0 = -4*q - 3*n + 4 + 28. Suppose -91 = -q*d + 2*y, -4*y + 8 = -0*y. Is d composite?
False
Suppose 48 = 2*s + 4*n + 14, 0 = -2*s - 3*n + 29. Suppose -c = 2*t - 414, -2*t + 402 = s*c - 3*c. Is t composite?
True
Let m = -149 - -234. Is m prime?
False
Let n(x) be the second derivative of -x**5/20 + 7*x**4/12 + x**3/2 - x**2/2 + 2*x. Is n(6) a prime number?
True
Suppose -d + 3167 = f - 2*d, -2*d + 15807 = 5*f. Is f prime?
True
Is (-4440)/(-54) + 4/(-18) prime?
False
Suppose -335 = 5*c - 10*c. Is c a prime number?
True
Is (113857/(-82))/(1/(-2) + 0) composite?
False
Suppose 0 = -3*b - 3 - 6. Let h(v) = 5*v + 1. Let a(i) = -2*i - 1. Let x(y) = b*h(y) - 5*a(y). Is x(-4) a prime number?
False
Is 2007/(-6)*(-4)/6 composite?
False
Suppose 0 = 5*b + 8 - 23. Suppose 2*z + 33 = 5*j, -4*z = -j - b + 6. Suppose -2*a + j = -15. Is a a composite number?
False
Let p(q) be the second derivative of -q**4/24 + 4*q**3/3 + q**2/2 + q. Let r(b) be the first derivative of p(b). Is r(4) prime?
False
Suppose 0 = o - 2. Suppose z - 55 = -o*t - 2*t, -2*z - 10 = 0. Suppose 0*v - 3*v = -3*n - 156, -3*n = -t. Is v a composite number?
True
Let y be 0*(-2 - 0 - -1). Let j be y - -2 - (-237)/3. Let v = j - 50. Is v a prime number?
True
Let b be 40/12*9/5. Is (b/(-1))/3 + 16 a prime number?
False
Let m(f) = -26*f**2 - f**3 + 2 + 1 + 26*f**2 + 4*f. Is m(-4) prime?
False
Suppose 0 = 5*q - 10 - 5. Suppose q*m - 3 = 9. Let b(k) = k**3 + 2*k**2 - 3*k + 3. Is b(m) compos